-3*r - 3. Let x be o(b). Suppose -5*d - 11 = -3*q - 0, 0 = -4*q - d + 53. Calculate the highest common factor of x and q.
6
Let v(z) = z**3 + 4*z**2 - 7*z - 3. Let h(g) = g - 5. Let m be h(0). Let b be v(m). Let w = b + 5. Calculate the greatest common divisor of 8 and w.
4
Let g = 158 + -157. Suppose -n - n - 4*b = 16, 5*b = 5*n - 35. What is the highest common factor of n and g?
1
Let l(d) = -265*d + 117. Let i be l(2). Suppose -4*t + 2724 - 328 = -4*w, -3*w = -12. Let f = i + t. What is the greatest common divisor of 19 and f?
19
Suppose -19*r + 22*r = 21. What is the greatest common divisor of r and 175?
7
Let r(b) = -71*b + 7. Let z be r(-3). Suppose -263 = -3*g + p, -4*g = -3*p - 149 - 200. Calculate the highest common factor of z and g.
44
Let k = 16 + -11. Suppose -q + k*v + 14 = -4*q, 2*q + 4 = 2*v. Let w = 25 + q. What is the highest common divisor of w and 33?
11
Let b = 1434 - 1379. Calculate the greatest common divisor of b and 10.
5
Suppose 5*h - 228 = -3*t, -4*h = 4*t - 155 - 21. What is the greatest common factor of h and 16?
16
Suppose 4*j - 26 + 212 = -3*a, -a = -j + 69. Let r = a + 71. Let b be (5/(-2))/(2/(-44)). Calculate the highest common divisor of r and b.
5
Let p(n) be the third derivative of n**6/120 - n**5/30 + n**4/24 + 8*n**2. Let l be p(-3). Let v = l - -69. Calculate the greatest common divisor of v and 105.
21
Let o(h) = 35*h - 40. Let d be o(3). What is the highest common factor of 104 and d?
13
Suppose 925 - 169 = 12*z. What is the greatest common divisor of 1008 and z?
63
Suppose -2*z + 8 = 4*n - 5*n, z + 3*n - 4 = 0. Calculate the greatest common factor of z and 764.
4
Let o(p) = 2*p + 25. Let q be o(0). Suppose 7*w - 10 = q. Suppose 6*l - w*l = 14. Calculate the highest common divisor of l and 154.
14
Suppose -18*p + 23*p - 3*h = 1944, 6*h = 4*p - 1566. Calculate the highest common factor of p and 9.
9
Let p be 34419/75 + (-42)/(-525). Calculate the greatest common divisor of 27 and p.
27
Let r = -34 - -154. Calculate the greatest common factor of r and 40.
40
Let t = 1 + 6. Let k = t - -3. Suppose -c - 3 + 7 = 0. What is the highest common divisor of k and c?
2
Let v = -42 + 237. Suppose n - 4*n + v = 0. Let s(j) = -2*j + 8. Let u be s(-9). Calculate the highest common factor of n and u.
13
Let t = 0 + 3. Let s(o) = -o**3 - 36*o**2 + 38*o + 88. Let r be s(-37). Calculate the greatest common factor of t and r.
3
Let q be (-1)/(-4 - 13595/(-3400)). What is the greatest common divisor of 85 and q?
85
Let b = 47 + -28. Let s(l) = 14*l + l**3 + 19 + 14*l**2 - 6 + 7*l**2. Let h be s(-20). Calculate the highest common factor of h and b.
19
Suppose -30 = 2*g - 5*g. Suppose -g*x + 6*x = -12. Suppose -2*w - x = -5*q + 8, 0 = 5*w - q - 7. Calculate the highest common factor of 5 and w.
1
Suppose -25 = -11*x + 8. Calculate the highest common factor of x and 3.
3
Suppose 5*w = -2*q + 1172, -699 = -3*w + 8*q - 5*q. What is the greatest common factor of 18 and w?
18
Let h be ((-1)/4)/((-840)/416 - -2). Suppose -3*n - 5*i + 185 = 0, -4*n - 3*i = -71 - 183. Calculate the greatest common factor of h and n.
13
Suppose -2*o - 96 = -6*o. Suppose -4*p = 2*x - 80, 3*x = 3*p - 38 + 140. Suppose 2*k - x - 84 = 0. Calculate the highest common divisor of o and k.
12
Suppose 266*w = 258*w + 16. Let h = 90 - 56. Calculate the highest common divisor of w and h.
2
Suppose -5*w + 145 = -20. Let g be 1211/346 + 2/(-4)*1. Calculate the highest common divisor of w and g.
3
Let v be (-6)/9*(1 + -40). Suppose -4*m = -6*m + v. What is the highest common divisor of 143 and m?
13
Let r = 539 - 401. What is the greatest common factor of 184 and r?
46
Let p(t) = 14*t - 140. Let a be p(67). What is the highest common divisor of 168 and a?
42
Let j be (12/(-1 - -7) - -651) + -2. Calculate the greatest common factor of j and 62.
31
Let k(y) = y**2 - 6*y - 2. Let x be 0 + -3*(1 - 3). Let n be k(x). Let v(m) = -89*m - 2. Let l be v(n). Calculate the highest common factor of l and 16.
16
Suppose 0 = 7*o - 11 - 31. Suppose 0 = -8*d + 6*d + o. Let g = 3 - 0. What is the greatest common factor of d and g?
3
Let k be 32/5 - 2/5. Suppose -3*b = 15 - 12, 4*d = 5*b + 21. Calculate the highest common factor of d and k.
2
Let j = -253 - -496. Suppose 5*f = -3*y + j, 3*y + 2*f - 5*f - 219 = 0. What is the highest common factor of y and 19?
19
Let w(a) = -677*a**3 - 2*a**2 - a. Let m be w(-1). What is the highest common factor of 104 and m?
52
Let q = -13 + 40. Calculate the greatest common divisor of q and 18.
9
Let x = -189 - -327. What is the greatest common factor of 184 and x?
46
Let f be 11/4 + 5/20. Let z be (8*21/(-168))/((-1)/5). What is the greatest common divisor of f and z?
1
Let j = 14 - 16. Let c be (j - -16) + (-3 - 1). What is the greatest common factor of c and 6?
2
Let v be (-4 + 4)*(15/(-6))/(-5). Suppose v = 5*s - 10, 2*b = 5*s - 0*s + 214. Calculate the greatest common factor of 32 and b.
16
Suppose z - 2 = 4*i - 4*z, 3*i - 3*z = 0. Let w = -307 - -508. Suppose 0 = i*l + 2*f - 98, -4*l - f = 2*f - w. Calculate the highest common divisor of 36 and l.
18
Suppose 2 = r, -5*m - 3*r = -0*m - 66. Suppose 0 = 2*o - 4 - 0. Let n = m + o. Calculate the greatest common divisor of 7 and n.
7
Let u be ((-3)/2 - -1)/(3/(-54)). What is the greatest common factor of u and 5?
1
Let c(n) = 1019*n**3 + n**2 + 2*n - 2. Let t be c(1). Calculate the greatest common factor of 20 and t.
20
Suppose 13*f = -3*f + 160. What is the greatest common divisor of 130 and f?
10
Let n = -51 - -117. Let g = -317 + 482. Calculate the highest common divisor of n and g.
33
Suppose 0 = 7*q - 9*q + 12. Suppose -o + 8 = 2*k, -3*o + 0*k - q = -4*k. Suppose 7 - 33 = -o*f. What is the greatest common divisor of 117 and f?
13
Let v be (8 + -5 - 5) + 31 + -1. Let d(a) = a**2 - a - 2. Let i be d(3). Calculate the greatest common factor of i and v.
4
Suppose a = 2*a - 4*s - 22, 0 = -5*a + s + 167. Suppose 75*z + 34 = 76*z. Calculate the greatest common divisor of a and z.
34
Suppose 0 = 441*h - 413*h - 336. What is the greatest common divisor of h and 28?
4
Suppose -5*f - 610 = 4*v, -2*f = 3*v + 9 + 235. Let i = -56 - f. What is the highest common factor of 44 and i?
22
Let v = -95 - -105. Suppose 0 = 3*b - 31 + 1. What is the greatest common divisor of v and b?
10
Let k(d) = -7*d**2 - 8*d - 3. Let o(s) = 20*s**2 + 23*s + 8. Let l(u) = 17*k(u) + 6*o(u). Let r be l(4). What is the greatest common divisor of 14 and r?
7
Let o(v) = 3*v - 15. Let j be o(5). Let b = -40 + 80. Suppose 2*m - b = -j*m. Calculate the highest common divisor of 60 and m.
20
Let i be 8/((-32)/20)*204/(-10). What is the highest common factor of 153 and i?
51
Let x be (4 - 7) + -1*2. Let v(c) = -3*c**3 - 4*c**2 - 4*c - 9. Let l be v(x). Calculate the greatest common divisor of l and 26.
26
Let t(u) = -5*u + 107. Let v be t(15). What is the greatest common factor of v and 416?
32
Suppose -5*p + 19*p = 28. What is the highest common divisor of p and 5?
1
Let r be (-1 - -63) + (7 - 6). Let x be (1 - (2 + -3)) + 40. Calculate the greatest common divisor of x and r.
21
Let w(c) = 3*c**2 + 3*c - 2. Let k be w(1). Let g(b) = 11*b - 34. Let v be g(k). Calculate the greatest common divisor of 80 and v.
10
Let d be (-2)/6 + (10 - 508/(-12)). Calculate the highest common factor of d and 208.
52
Let k be (-58)/(-4) - (-2)/4. Let b(w) = -w**2 - 9*w + 31. Let a be b(-9). Suppose 161 - a = 13*x. Calculate the greatest common divisor of x and k.
5
Let u = -27 + 29. Let r be -3 + -2 + 0 + 5. Suppose h + u*h - 54 = r. What is the greatest common factor of h and 6?
6
Suppose 0 = -4*f + 2*b + 76, f = -0*f + b + 18. Let p(h) = -19*h + 156. Let u be p(8). What is the highest common factor of u and f?
4
Let q(d) = -d**3 + 8*d**2 - 9*d - 14. Let f be q(6). Suppose 3*j - 90 = -2*r, -j + 7 = f*r - 13. Calculate the highest common divisor of 8 and j.
8
Let l(r) = 221*r**2 + 1. Let s be l(-1). Calculate the greatest common factor of 37 and s.
37
Let j be 4*(-1)/2 + 6. Suppose 73 = j*o + 9. What is the highest common factor of o and 16?
16
Let r(g) = -22*g - 104. Let l be r(-6). Calculate the highest common divisor of 364 and l.
28
Let o = -19 - -19. Suppose 5*l = 4*y - 23, o = -y - 5*l - 16 + 3. Suppose y*k = 104 + 56. Calculate the greatest 